 is d - 3b?
-2d
In base 5, what is 0 + -1434?
-1434
In base 2, what is -1101010000 + 1?
-1101001111
In base 3, what is -1002 + 12210?
11201
In base 7, what is 24 + 1621?
1645
In base 11, what is -39 - 5?
-43
In base 7, what is 5650 + 0?
5650
In base 7, what is -13 + -2?
-15
In base 15, what is 11 + 1?
12
In base 3, what is 20111 + 210?
21021
In base 16, what is -114 - 14?
-128
In base 10, what is 20 + 12?
32
In base 14, what is -5 - 402?
-407
In base 5, what is -10 + -2124?
-2134
In base 10, what is -340 + 5?
-335
In base 11, what is -223 + 4?
-21a
In base 16, what is -6c + -2?
-6e
In base 10, what is 9 + 2049?
2058
In base 12, what is -1 + -a9?
-aa
In base 12, what is -b - -3b?
30
In base 2, what is -10010100 - 100?
-10011000
In base 5, what is -1 + 10?
4
In base 14, what is 7c - -d?
8b
In base 6, what is -15210 + 0?
-15210
In base 2, what is -10 + 11110?
11100
In base 6, what is -2444 - 0?
-2444
In base 6, what is 3502 + 2?
3504
In base 15, what is 38 + -b1?
-78
In base 5, what is 100330 + 10?
100340
In base 2, what is -10001101000 - 1?
-10001101001
In base 2, what is 101101 - -100?
110001
In base 13, what is 1 + 2b?
2c
In base 3, what is 1120122 + 2?
1120201
In base 10, what is 5 - -94?
99
In base 4, what is 0 - 13010?
-13010
In base 16, what is -5c - 5?
-61
In base 6, what is -2 + 5240?
5234
In base 5, what is 10 - 23324?
-23314
In base 2, what is 100 - 111?
-11
In base 16, what is 25d3 + 3?
25d6
In base 13, what is 11 - -13?
24
In base 4, what is -21 + 1033?
1012
In base 3, what is 21002 + -220?
20012
In base 11, what is -9183 - 0?
-9183
In base 12, what is 2 - 123?
-121
In base 12, what is 11 + 53?
64
In base 6, what is -41550 + -2?
-41552
In base 13, what is 36 - -23?
59
In base 4, what is 112 + -11?
101
In base 15, what is -a + 66d?
663
In base 14, what is -10 + 486?
476
In base 11, what is -2 - -176?
174
In base 10, what is 0 + 1181?
1181
In base 3, what is -2 + -21?
-100
In base 15, what is 190 + -4?
18b
In base 4, what is 23 - 3330?
-3301
In base 7, what is -3 - 6?
-12
In base 10, what is 28 + -217?
-189
In base 10, what is 1863 + -5?
1858
In base 13, what is -15 - 65a?
-672
In base 9, what is -1626 + 1?
-1625
In base 3, what is 1 + 10000222?
10001000
In base 9, what is -24 + -5?
-30
In base 7, what is -42 - 2?
-44
In base 9, what is 1250 - 0?
1250
In base 6, what is -552 - -3?
-545
In base 2, what is 10111011 - -101?
11000000
In base 14, what is c7b + -2?
c79
In base 16, what is -365 - -5?
-360
In base 7, what is 5 + -230?
-222
In base 11, what is 22 + 92?
104
In base 10, what is 31 + -305?
-274
In base 3, what is -120112111 + -2?
-120112120
In base 6, what is 1 + -535?
-534
In base 16, what is -74 - -5?
-6f
In base 6, what is -50 - 32?
-122
In base 3, what is -121111 - -11?
-121100
In base 16, what is -25c + -4?
-260
In base 16, what is -1 + -4ce?
-4cf
In base 6, what is 1 - 2034?
-2033
In base 5, what is -3 + 1312?
1304
In base 7, what is -2 + 26?
24
In base 15, what is 7 + -93?
-8b
In base 7, what is 4 - -51?
55
In base 4, what is 1 + -231?
-230
In base 4, what is -1133 - 2033?
-3232
In base 6, what is -5 + -13411?
-13420
In base 4, what is -12 + 2213?
2201
In base 15, what is 4 - -a8?
ac
In base 6, what is 221 - -22?
243
In base 12, what is 4 + -15?
-11
In base 8, what is -1 + 67?
66
In base 12, what is -5 + 1?
-4
In base 11, what is 2 + 226?
228
In base 8, what is -20 - -1665?
1645
In base 13, what is 6 - -70?
76
In base 12, what is 0 + -1081?
-1081
In base 9, what is -237 + -2?
-240
In base 16, what is 2 - -8b3?
8b5
In base 2, what is -111101 - -1010?
-110011
In base 2, what is 10110011 + 1010?
10111101
In base 8, what is 5 + -13?
-6
In base 5, what is -31 + -123?
-204
In base 14, what is 6 + 4?
a
In base 10, what is 1 - -19?
20
In base 6, what is 4 - 1331?
-1323
In base 16, what is 3 + dc1?
dc4
In base 14, what is -4 - -106?
102
In base 11, what is -16 + -6?
-21
In base 8, what is -2 - 1171?
-1173
In base 16, what is 5 + 56?
5b
In base 14, what is 2 + -6c4?
-6c2
In base 13, what is -a96 + -2?
-a98
In base 6, what is -20 - -141?
121
In base 11, what is 1583 + -2?
1581
In base 3, what is -21 + -11112?
-11210
In base 7, what is 4 - -523?
530
In base 15, what is 7 - 16d?
-166
In base 15, what is -32 - -139?
107
In base 9, what is -47 + -34?
-82
In base 8, what is 3 - -105?
110
In base 6, what is -3205 - -3?
-3202
In base 8, what is 14 - 176?
-162
In base 9, what is -1 + 2521?
2520
In base 2, what is 101011 + -11000101?
-10011010
In base 3, what is 21102 + -11?
21021
In base 7, what is 5 + -31?
-23
In base 12, what is -1 - 1?
-2
In base 15, what is -364d + 3?
-364a
In base 7, what is -111 - 2?
-113
In base 16, what is -8 - 4f?
-57
In base 2, what is -1010101100 - -1010?
-1010100010
In base 14, what is -2b - -222?
1d5
In base 16, what is -a88 - -4?
-a84
In base 14, what is -4 + 4bd?
4b9
In base 7, what is -46 + 1?
-45
In base 7, what is 3665 - 6?
3656
In base 5, what is 3 - -21444?
22002
In base 14, what is 6 + a77?
a7d
In base 12, what is -3162 - 5?
-3167
In base 4, what is -100 + -22123?
-22223
In base 5, what is 43 - -3?
101
In base 15, what is -14 + -12?
-26
In base 13, what is -3772 - 5?
-3777
In base 12, what is 8 + -170?
-164
In base 11, what is 127 + 4?
130
In base 8, what is 3415 - 2?
3413
In base 10, what is 4 + -235?
-231
In base 16, what is -b - -c1?
b6
In base 8, what is 633 + -5?
626
In base 5, what is -1202 - 4?
-1211
In base 4, what is 2102100 + -3?
2102031
In base 10, what is -1013 - -2?
-1011
In base 3, what is -1111 - 1?
-1112
In base 10, what is -50 + -43?
-93
In base 12, what is 131 + 2?
133
In base 14, what is -2b - 4?
-31
In base 13, what is -5a4 - 3?
-5a7
In base 15, what is -4b - 48?
-94
In base 6, what is -10 + -142?
-152
In base 2, what is -1111100 + -101000?
-10100100
In base 9, what is -4 - 13?
-17
In base 3, what is 111001 + -1110?
102121
In base 2, what is -101101 - -101111010?
101001101
In base 11, what is 107 + 5?
111
In base 13, what is -4 - 25?
-29
In base 5, what is -10 - 2013?
-2023
In base 14, what is -3 + bc2?
bbd
In base 8, what is 144 + 20?
164
In base 16, what is -1 + -7?
-8
In base 16, what is -4 + -42?
-46
In base 10, what is 442 + 3?
445
In base 7, what is 4416 + -2?
4414
In base 11, what is 1 + 184?
185
In base 16, what is 13 - 10?
3
In base 4, what is 1131 - -10?
1201
In base 6, what is -1242 - -2?
-1240
In base 3, what is -12 - -2111?
2022
In base 14, what is -1 + 2a?
29
In base 4, what is 2332 + 11?
3003
In base 9, what is 158 - -4?
163
In base 8, what is -2 - 16?
-20
In base 7, what is 4 + -4?
0
In base 14, what is 0 + 240?
240
In base 11, what is 5 - -a3?
a8
In base 11, what is 45a - -1?
460
In base 11, what is -5923 + 2?
-5921
In base 7, what is 51 - -136?
220
In base 2, what is 111 + -101?
10
In base 16, what is -6 + 8?
2
In base 7, what is -302 - -5?
-264
In base 16, what is -341 + 8?
-339
In base 7, what is 6 - 414?
-405
In base 10, what is 213 + 2?
215
In base 15, what is -1c + 82?
65
In base 7, what is -12 + 242?
230
In base 7, what is 0 - -2442?
2442
In base 10, what is 1 + -277?
-276
In base 6, what is 101 + 4?
105
In base 16, what is -75 + 2?
-73
In base 5, what is -122 + -1000?
-1122
In base 15, what is 4 + 2c?
31
In base 7, what is -11 - -1?
-10
In base 15, what is -30e + -9?
-318
In base 4, what is -102120 - -1?
-102113
In base 2, what is -110111010100 + 11?
-110111010001
In base 7, what is -114 + -5?
-122
In base 16, what is -4 + 400?
3fc
In base 4, what is 0 - 10003?
-10003
In base 9, what is -721 + -37?
-758
In base 5, what is -320 + 2241?
1421
In base 3, what is -112 - 122?
-1011
In base 6, what is -12 + 3202?
3150
In base 9, what is -4400 + 4?
-4385
In base 15, what is -8b + 5?
-86
In base 6, what is -5 - -12412?
12403
In base 12, what is 0 + -18?
-18
In base 5, what is -14 - 444?
-1013
In base 3, what is -10111000 - 12?
-10111012
In base 9, what is 8 - -42?
51
In base 6, what is 100 - 35?
21
In base 16, what is b67 + 2?
b69
In base 9, what is 16 + 146?
163
In base 8, what is -1 + 7?
6
In base 5, what is 0 + -204?
-204
In base 6, what is 5 - 5334?
-5325
In base 3, what is -200202 + -2?
-200211
In base 11, what is 5 - 45?
-40
In base 7, what is -2143 - -1?
-2142
In base 5, what is -314 + 0?
-314
In base 8, what is -4 - 115?
-121
In base 4, what is 2001 - 2?
13